{"id":2,"date":"2018-02-19T20:20:40","date_gmt":"2018-02-19T20:20:40","guid":{"rendered":"https:\/\/marianomontoya.com\/?page_id=2"},"modified":"2020-09-14T14:27:00","modified_gmt":"2020-09-14T14:27:00","slug":"sample-page","status":"publish","type":"page","link":"https:\/\/marianomontoya.com\/","title":{"rendered":"Galer\u00eda"},"content":{"rendered":"[vc_row][vc_column][vc_column_text]<hr \/>\n<p style=\"text-align: center;\"><em><b>\u00abA todos aquellos que, por <\/em><em>ser diferentes, sufren o han sufrido el desprecio, la <\/em><br \/><em>persecuci\u00f3n y el exterminio. <\/em><br \/><em>A los que aman la paz y <\/em><em>desprecian la violencia; a los <\/em><em>que sue\u00f1an con un mundo <\/em><em>donde todos quepan en <\/em><em>armon\u00eda\u00bb.<\/em><\/p><br><\/b> Mariano Montoya. Pintor y artista pl\u00e1stico\n<hr \/>\n<p>\n[\/vc_column_text][\/vc_column][\/vc_row][vc_row][vc_column][vc_column_text]<\/p>\n\n\n<div class=\"wp-block-group\"><div class=\"wp-block-group__inner-container\">\n<p>[\/vc_column_text][\/vc_column][\/vc_row][vc_row][vc_column][vc_masonry_media_grid style=&#8221;lazy&#8221; element_width=&#8221;6&#8243; gap=&#8221;35&#8243; use_light_gallery=&#8221;yes&#8221; grid_id=&#8221;vc_gid:1600092508132-90291660bdf932a4b45834cb336bb85d-7&#8243; include=&#8221;215,265,219,260,257,249,250,238,248,222,218,220,227,216,261,252,217,221,224,241,232,223,225,226,229,228,230,231,233,234,237,239,240,242,243,244,245,246,247,178,187,167,170,165,157,158,155,151,150,235,236,163,193,144,189,188,139,143,162,146,164,192,191,190,185,186,154,173,172,171,169,176,174,149,179,180,50,175,161,152,148,140,130,49,48,45,7,43,41,40,11&#8243;][\/vc_column][\/vc_row][vc_row][vc_column][\/vc_column][\/vc_row][vc_row][vc_column][vc_column_text]<\/p>\n<\/div><\/div>\n\n\n<p>[\/vc_column_text][\/vc_column][\/vc_row]","protected":false},"excerpt":{"rendered":"<p>[vc_row][vc_column][vc_column_text] \u00abA todos aquellos que, por ser diferentes, sufren o han sufrido el desprecio, la persecuci\u00f3n y el exterminio. A los que aman la paz y desprecian la violencia; a los que sue\u00f1an con un mundo donde todos quepan en armon\u00eda\u00bb. Mariano Montoya. Pintor y artista pl\u00e1stico [\/vc_column_text][\/vc_column][\/vc_row][vc_row][vc_column][vc_column_text] [\/vc_column_text][\/vc_column][\/vc_row]<\/p>\n","protected":false},"author":1,"featured_media":0,"parent":0,"menu_order":0,"comment_status":"closed","ping_status":"open","template":"","meta":[],"_links":{"self":[{"href":"https:\/\/marianomontoya.com\/index.php?rest_route=\/wp\/v2\/pages\/2"}],"collection":[{"href":"https:\/\/marianomontoya.com\/index.php?rest_route=\/wp\/v2\/pages"}],"about":[{"href":"https:\/\/marianomontoya.com\/index.php?rest_route=\/wp\/v2\/types\/page"}],"author":[{"embeddable":true,"href":"https:\/\/marianomontoya.com\/index.php?rest_route=\/wp\/v2\/users\/1"}],"replies":[{"embeddable":true,"href":"https:\/\/marianomontoya.com\/index.php?rest_route=%2Fwp%2Fv2%2Fcomments&post=2"}],"version-history":[{"count":59,"href":"https:\/\/marianomontoya.com\/index.php?rest_route=\/wp\/v2\/pages\/2\/revisions"}],"predecessor-version":[{"id":282,"href":"https:\/\/marianomontoya.com\/index.php?rest_route=\/wp\/v2\/pages\/2\/revisions\/282"}],"wp:attachment":[{"href":"https:\/\/marianomontoya.com\/index.php?rest_route=%2Fwp%2Fv2%2Fmedia&parent=2"}],"curies":[{"name":"wp","href":"https:\/\/api.w.org\/{rel}","templated":true}]}}

Galería

[vc_row][vc_column][vc_column_text]<hr />
<p style="text-align: center;"><em><b>«A todos aquellos que, por </em><em>ser diferentes, sufren o han sufrido el desprecio, la </em><br /><em>persecución y el exterminio. </em><br /><em>A los que aman la paz y </em><em>desprecian la violencia; a los </em><em>que sueñan con un mundo </em><em>donde todos quepan en </em><em>armonía».</em></p><br></b> Mariano Montoya. Pintor y artista plástico
<hr />
<p>
[/vc_column_text][/vc_column][/vc_row][vc_row][vc_column][vc_column_text]</p>


<div class="wp-block-group"><div class="wp-block-group__inner-container">
<p>[/vc_column_text][/vc_column][/vc_row][vc_row][vc_column][vc_masonry_media_grid style=&#8221;lazy&#8221; element_width=&#8221;6&#8243; gap=&#8221;35&#8243; use_light_gallery=&#8221;yes&#8221; grid_id=&#8221;vc_gid:1600092508132-90291660bdf932a4b45834cb336bb85d-7&#8243; include=&#8221;215,265,219,260,257,249,250,238,248,222,218,220,227,216,261,252,217,221,224,241,232,223,225,226,229,228,230,231,233,234,237,239,240,242,243,244,245,246,247,178,187,167,170,165,157,158,155,151,150,235,236,163,193,144,189,188,139,143,162,146,164,192,191,190,185,186,154,173,172,171,169,176,174,149,179,180,50,175,161,152,148,140,130,49,48,45,7,43,41,40,11&#8243;][/vc_column][/vc_row][vc_row][vc_column][/vc_column][/vc_row][vc_row][vc_column][vc_column_text]</p>
</div></div>


<p>[/vc_column_text][/vc_column][/vc_row]

<p>[vc_row][vc_column][vc_column_text] «A todos aquellos que, por ser diferentes, sufren o han sufrido el desprecio, la persecución y el exterminio. A los que aman la paz y desprecian la violencia; a los que sueñan con un mundo donde todos quepan en armonía». Mariano Montoya. Pintor y artista plástico [/vc_column_text][/vc_column][/vc_row][vc_row][vc_column][vc_column_text] [/vc_column_text][/vc_column][/vc_row]</p>
